common factor of s and v.
14
Suppose 0 = -4*t + 12, -22 = 2*l + 2*t + 8. Let i = l + 27. Calculate the greatest common divisor of 45 and i.
9
Let h = -2 - -1. Let z be 4*((-1 - h) + 1). Let x be z/6 + (-111)/(-9). Calculate the greatest common divisor of 13 and x.
13
Let y(w) = -11*w**2 - w + 2. Let f be y(-2). Let m be ((-3)/(-2))/((-6)/f). Calculate the greatest common divisor of 50 and m.
10
Let q be (-1 - (-12)/8)*4. Calculate the highest common factor of q and 8.
2
Let w be 4*(45 - (-3 - -4)). What is the highest common factor of 16 and w?
16
Let z(m) = -m**3 + 11*m**2 + 4*m + 12. Let y be z(11). Calculate the highest common divisor of y and 8.
8
Suppose 5*f - 11 = -n, -f + 7 = -n + 3*f. Let o be n + 51/3 + -3. Calculate the highest common factor of 6 and o.
3
Let i(l) = l**2 - 16*l + 26. Let j be i(15). What is the highest common divisor of j and 1?
1
Suppose -6*b = -b - 45. What is the greatest common divisor of 63 and b?
9
Let l be (-11)/(-4) - (-2)/8. Suppose -3*f - 5*n = -20, -2*n = l*f + f - 8. Suppose -4*z + 28 + 8 = f. What is the highest common factor of z and 63?
9
Let b(z) = -4*z + 35. Let c be b(8). What is the greatest common divisor of 15 and c?
3
Let r = 165 - 142. What is the highest common divisor of r and 184?
23
Let c be 2 - 0 - (-2)/1. Suppose 5*r - 1 = c. What is the highest common factor of r and 11?
1
Suppose 5*q + 52 = 9*q. What is the greatest common factor of q and 52?
13
Suppose 5*j + 76 = 3*z - 81, -4*j - 104 = -2*z. Let v(p) = -2*p**2 + 9*p + 10. Let o be v(8). Let l = -28 - o. What is the highest common divisor of l and z?
18
Let t = -107 + 282. Calculate the highest common factor of t and 7.
7
Suppose -8*s = -6*s - 120. Calculate the highest common factor of 15 and s.
15
Let p(m) be the third derivative of 25*m**4/24 - m**3/2 + 4*m**2. Let s be p(3). Calculate the highest common divisor of s and 180.
36
Suppose 2*y - 295 = -165. Calculate the highest common divisor of 26 and y.
13
Suppose -3*l + 5*l - 92 = 0. What is the highest common factor of l and 115?
23
Suppose 0*q + 6 = -2*q. Let s be (-1)/q - (-80)/3. What is the greatest common factor of s and 9?
9
Let c(l) be the first derivative of -l**4/4 + 7*l**3/3 + 4*l**2 + l - 2. Let m be c(8). Suppose 2*n - 5 = m. Calculate the greatest common factor of 21 and n.
3
Suppose 4*a - 4 = -2*f, 4*f - 44 = 5*a - a. Let q be (8/(-10))/(1/(-110)). What is the greatest common divisor of q and f?
8
Let y(d) = -2*d - 9. Let p be y(-12). Calculate the highest common factor of 45 and p.
15
Suppose -l - 1 = 0, -11*l = -5*j - 9*l + 242. Let m(x) = x**2 + x + 6. Let y be m(0). Calculate the greatest common factor of y and j.
6
Let q(f) = f**2 + 18*f - 8. Let u be q(-20). What is the greatest common factor of 96 and u?
32
Let r(m) = 1 + 0 + m**2 + 5*m**2 - m**2. Suppose 0 = 4*p + 2 + 2. Let s be r(p). Calculate the highest common factor of 12 and s.
6
Let j(f) = f**3 + 10*f**2 + 6*f - 8. Let y be j(-9). What is the greatest common divisor of y and 95?
19
Let u be ((-4)/(-6))/((-1)/(-9)). Let j(g) = g**2 - 5*g + 7. Let p be j(u). What is the highest common factor of 39 and p?
13
Suppose 0 = 5*l - 10, -197 = -3*a + 4*l + 26. Suppose -2*m = 2, 0*m = -5*k - m + 34. What is the highest common factor of a and k?
7
Let i(u) = 2*u**2 - 4*u + 33. Let g be i(0). Suppose -4*t + 28 = 4*s, -s + 5*t + 3 = -28. Calculate the highest common factor of g and s.
11
Let l be 22/5 + -4 + (-2416)/(-10). What is the highest common divisor of l and 22?
22
Suppose -a - 3*a = -56. Suppose 3*o + 2 - a = 0, -2*k - 4*o - 16 = 0. Let w = k - -25. What is the greatest common factor of 72 and w?
9
Suppose 0 = 4*r, 2*c - 179 = 4*r + 101. Calculate the highest common factor of c and 20.
20
Let s(p) = -p**3 - 14*p**2 + 12*p - 31. Let v be s(-15). Calculate the greatest common factor of v and 7.
7
Let p(h) = -h - 4. Let c be p(-12). Let b be (c + -2 - 3) + 3. Suppose 12 = i - 30. Calculate the greatest common divisor of b and i.
6
Let q be 12*(33/12 - 2). Suppose -3*h + 5*m + 42 = -2*h, -105 = -4*h - m. What is the greatest common divisor of q and h?
9
Let z = 43 - 18. Let f = z + -12. Calculate the highest common divisor of f and 65.
13
Suppose -1 = -s + 5*m, -4*s + 3*m + 2*m + 49 = 0. What is the highest common divisor of s and 24?
8
Let g = 7 + 113. What is the greatest common divisor of 30 and g?
30
Let i(s) = -s**2 - 24*s - 20. Let a be i(-17). What is the greatest common factor of 9 and a?
9
Let z(i) = i**2 + 1. Let d(w) = w**2 - 5*w + 6. Let y be d(4). Let p be 2*1/(-2) - y. Let h be z(p). What is the greatest common factor of 50 and h?
10
Let b be ((-4)/6)/((-6)/(-9)) + 8. What is the highest common factor of b and 2?
1
Suppose 0 = -2*u + u + 23. What is the greatest common divisor of u and 184?
23
Let k = 44 + -42. Suppose 0*n - 3*n + 5*y = -57, 15 = -5*y. What is the highest common factor of n and k?
2
Let i(t) be the first derivative of -17*t**2/2 - 4*t - 6. Let v be i(-2). What is the highest common factor of 15 and v?
15
Suppose -3*i - 12 = 0, 0*i + i + 43 = 3*k. Calculate the greatest common factor of k and 13.
13
Let j be ((-2)/(-3) - -1)*12. Suppose 7*r - j = 2*r. What is the highest common divisor of 8 and r?
4
Let h be (-84)/(-2) - (4 + (-18)/3). What is the highest common divisor of h and 11?
11
Suppose 4*i - 2*i = 66. What is the greatest common factor of 264 and i?
33
Suppose -6 = -5*w + 4. Let m be (-25)/w + (-2)/(-4). Let k = 18 + m. Calculate the greatest common factor of 9 and k.
3
Let n be ((-2)/(-4))/(1/86). Let c = -21 - 4. Let r = c + n. What is the highest common factor of r and 12?
6
Suppose -3*u + 98 = -217. What is the greatest common divisor of u and 42?
21
Let q(m) = 16*m + 2. Let j be q(1). Let k be 50/(-2)*(-36)/10. What is the greatest common factor of j and k?
18
Let a(f) = 29*f**2 - 8*f + 10. Let y be a(2). What is the greatest common divisor of 10 and y?
10
Suppose 2*r + 4*f = -8, 0 = -r - f - 4*f - 19. Let j be 4/r - (-2)/(-3). Suppose -4*d = -j*d - 20. Calculate the highest common divisor of d and 2.
1
Suppose 5*t - 16 - 4 = 0. Let q = -5 + t. Let l = 17 + q. What is the highest common factor of 16 and l?
16
Let k = -23 - -42. Let q = -7 + k. Suppose -7 + 97 = 5*m. Calculate the highest common factor of q and m.
6
Suppose -5*n + 0*s - 4*s = -73, 0 = 2*n + s - 31. Calculate the greatest common factor of n and 119.
17
Suppose 18 = b - 198. Calculate the greatest common factor of 24 and b.
24
Let q = -19 + 35. Suppose 4*s + q = v, -11 = -2*v - s + 2*s. Suppose 12 = 4*m, 146 = v*p + 3*m - 295. Calculate the greatest common divisor of 12 and p.
12
Let v(g) = g**3 + 18*g**2 + 20*g - 12. Let p be v(-16). What is the highest common factor of p and 20?
20
Let w be 141/(-27) - 12/(-54). Let g = w + 23. Suppose 13 = d - 14. What is the highest common factor of d and g?
9
Let c(t) = -15*t + 4. Let w be c(-1). Calculate the greatest common factor of w and 209.
19
Let q be 292/7 + (-10)/(-35). Let y = -15 - -3. Let m = y + 18. What is the highest common factor of m and q?
6
Suppose -3*g = -129 - 39. Suppose 18 = 2*k + k + 3*x, 0 = -3*k - x + 12. Suppose 0 = k*d - 18 - 24. What is the greatest common factor of d and g?
14
Let p = 45 - 29. Calculate the highest common divisor of 128 and p.
16
Suppose 4*q + 19 = -3*w, 4*q = 5*w - 0*q - 11. Let z be (-4746)/(-36) - w/6. What is the greatest common factor of 12 and z?
12
Let x = 6 - 8. Let n be 3/((-21)/(-9) + x). Calculate the greatest common divisor of 3 and n.
3
Let a = 1 - 1. Suppose 5*c - c = a. Suppose c*z - 5*z + 5 = 0. Calculate the greatest common divisor of z and 8.
1
Suppose 5*i + 12 = -13. Let u be 8/20 + (-403)/i. Calculate the greatest common divisor of 9 and u.
9
Let c = -14 - -15. Calculate the highest common divisor of 9 and c.
1
Suppose -3*n = -71 - 4. Let i = 7 - -43. What is the greatest common factor of i and n?
25
Let z(f) = -18*f - 3. Suppose 0 = -4*q - 8 - 0. Let k be z(q). Let s be (-22)/(-8)*48/6. What is the highest common divisor of s and k?
11
Let p = -8 + 8. Suppose -f + 19 = 4*a, -2*a - 2*f + p*f = -2. Calculate the highest common factor of a and 3.
3
Let h = 44 - 34. What is the greatest common divisor of h and 230?
10
Let w = 2 - 1. Let b = 52 + -43. Calculate the greatest common factor of w and b.
1